 47. What is the remainder when 270 is divided by o?
18
Calculate the remainder when 3456 is divided by 12298/1892*2/1.
11
Let a = -83 + 89. Suppose 40 = -2*i - a*i. What is the remainder when 85 is divided by ((-1)/i - 20/(-25))*29?
27
Suppose v + 4*n - 266 = 0, -n + 1034 = 11*v - 7*v. Suppose -195 = -v*h + 257*h. What is the remainder when h is divided by 50?
45
Let x(s) = -223*s + 2694. Calculate the remainder when 2246 is divided by x(12).
14
Suppose -54*b + 1768 = 105*b - 7454. What is the remainder when 1390 is divided by b?
56
Let d(h) = 5*h - 8. Let k(l) = -l**2 + 69*l - 584. What is the remainder when d(10) is divided by k(10)?
0
Suppose -2*c + 22 = -66. Let r(k) = -48*k - 187. Let j be r(-7). Let t = j - c. Calculate the remainder when t is divided by 18.
15
Let r(v) = 22*v**2 - v - 20. What is the remainder when 527 is divided by r(2)?
65
Suppose 67*g - 83498 - 52378 = 0. What is the remainder when g is divided by 7?
5
Let u be -1*1*(22 + -18). Let m be (-3)/(((-15)/40)/((-6)/u)). Suppose 4*o - m = 116. Calculate the remainder when 60 is divided by o.
28
What is the remainder when 3114/72 + 5/(-4) is divided by (3/5 - 1)/((-1)/55)?
20
Let x = -39 - -43. Suppose -176 - x = -5*c. Suppose 199 = 4*o - 85. What is the remainder when o is divided by c?
35
Let h = -5 + 10. Let x = 161243 - 161104. What is the remainder when x is divided by h?
4
Let t(d) be the third derivative of 0 + 0*d + 6*d**3 + 1/24*d**4 - 19*d**2 - 17/60*d**5 - 1/120*d**6. Calculate the remainder when 67 is divided by t(-17).
10
Suppose -7*d + 10*d = -3*t + 120, -5*t + 160 = -5*d. Calculate the remainder when 423 is divided by t.
27
Let j(b) = 4*b**2 - b - 6. Let h be j(-6). Suppose -n = -37*l + 42*l - h, 0 = -4*n - 2*l + 594. Calculate the remainder when n is divided by 40 + 5/(5/(-2)).
35
Let g be (-72)/(-7) - (-6)/(-21). Suppose 2*q - g*q = -1096. What is the remainder when q is divided by 7?
4
Let x = 48 - -5. Suppose 6*r = x + 133. What is the remainder when -7 - ((-384)/3 + 3) is divided by r?
25
Suppose 14*a - 3285 = -2543. Suppose 0 = -2*d + 3*v + 541, -5*d + 4*v + 1394 - 59 = 0. What is the remainder when d is divided by a?
51
Let a = 49 - 19. Suppose -m + 4*m - a = 0. What is the remainder when 12/(-14) + 18495/189 is divided by m?
7
Suppose -13*w - 464 = -17*w. Let r = w - 108. What is the remainder when 34 is divided by r?
2
Suppose 3*i - 158 = -104. Suppose -33*w + i = -31*w. What is the remainder when 41 is divided by w?
5
Let a(i) = 3*i**3 - 74*i**2 - 186*i - 41. Calculate the remainder when 737 is divided by a(27).
17
Let f = -61739 + 61743. Let l = -3 + 4. Let k(y) = 16*y**2 - y. What is the remainder when k(l) is divided by f?
3
Let v(w) = w**2 - 2*w + 2. Let g = 46 - -91. Let y = g - 122. Calculate the remainder when v(-3) is divided by y.
2
Calculate the remainder when (70/42)/((-22)/(-7590)) is divided by 557.
18
Let h be 8*145/10*-2. Let w = -226 - h. Calculate the remainder when 149 is divided by w.
5
Suppose -20 = 5*k, 0 = 2*m + 2*k + 2*k + 172. What is the remainder when m/(-130)*(39 - -1) is divided by 10?
4
Let j = -164 + 172. What is the remainder when (-50)/4*198/(-15) is divided by j?
5
Let t(v) = -v + 57. Let f = -49 - -51. Let l be (f - 32/14) + (-6)/(-21). Calculate the remainder when t(l) is divided by 20.
17
Suppose 4*o = m + 59, -3*o + 127*m = 124*m - 33. Suppose -5*f + 338 = 5*j + 108, 5*j - 3*f = 206. What is the remainder when j is divided by o?
11
Let q = -20 + 38. Let u be ((-38)/(-4))/(63/(-18) + 4). Suppose -u*a = -a - 1278. What is the remainder when a is divided by q?
17
Calculate the remainder when -2 + (19 + 34 - (2 + 0)) is divided by 35.
14
Let n be (1 - 1 - -1108)/(-11 + 13). Suppose -7*y - 176 = -n. Calculate the remainder when y is divided by 19.
16
Calculate the remainder when 8 + (-10)/(-35) + 978/7 is divided by 23.
10
Suppose w = -l + 14, 3*w + 44 + 2 = 5*l. Suppose -65 = -3*t + 2*a, 5*t + l = -4*a + 156. What is the remainder when 143 is divided by t?
18
Let u = -38 + 53. Suppose 5*m - 1514 = -4*p, 0 = 72*m - 69*m - 18. Calculate the remainder when p is divided by u.
11
Suppose v - 49 = b, 2*v + 5*b - 42 = 84. What is the remainder when (54 - v)/((-1)/(-107)) is divided by 23?
15
Suppose -611 = -29*m + 27*m + 5*t, -2*m + t + 599 = 0. Calculate the remainder when m is divided by 68.
26
Suppose -4*y + 626 = 4*u - 3442, -y - 3*u = -1017. What is the remainder when y is divided by 125?
17
Let b be ((-3)/(-9))/(5/(-60)). What is the remainder when ((-3)/6 - 0) + (-502)/b is divided by 38?
11
Let i = 3807 - 3688. What is the remainder when 4042 is divided by i?
115
Suppose 0 = 2*d - 2*o - 124, -4*o = -20 + 32. Let m = 79 - 72. Calculate the remainder when d is divided by m.
3
Let f = -24151 - -25789. Calculate the remainder when f is divided by 87.
72
Let i(p) = -p**3 + 8*p**2 + 2*p - 2. Let m be i(8). Suppose -2*f = k - 10, k = 5*f - m - 18. What is the remainder when 76 is divided by f/(-5 - (-335)/65)?
37
Let j = -8691 - -8805. Calculate the remainder when 253 is divided by j.
25
What is the remainder when 309 is divided by (1742/(-36))/(3/(-9)) - 3/18?
19
Let s = -8924 - -8974. Calculate the remainder when 710 is divided by s.
10
Suppose 73*f = 169*f + 230*f - 17930. Calculate the remainder when 2032 is divided by f.
52
Let i = -30 - -44. Suppose -10*c - 9 = -89. Suppose -i*w + 120 = -c*w. Calculate the remainder when 38 is divided by w.
18
Suppose -3*y = -3*m - 2*m + 5506, -2*m = -4*y - 2194. What is the remainder when m is divided by 13?
11
What is the remainder when ((-88)/7)/((-122)/1708) is divided by 15?
11
Let c(r) = -28*r - 27. Suppose -54 = 17*h + 48. Calculate the remainder when c(h) is divided by 36.
33
Suppose -20 = -4*s + 4*k, -2*k = -4*k - 10. Suppose 0 = 14*d - 12*d + 5*z - 525, s = -d + z + 280. What is the remainder when d is divided by 46?
45
Let c(r) = -223*r - 1289. What is the remainder when 8/6*(-540)/(-8) is divided by c(-6)?
41
Let c = 37548 - 36618. Calculate the remainder when c is divided by 407.
116
Suppose 33*c = -c - 32*c + 277530. What is the remainder when c is divided by 27?
20
Suppose -119 = -4*w + 41. Let x = w + -38. Suppose -k + 28 = 2*n, k - x*n - 34 = -n. What is the remainder when k is divided by 9?
5
Let i = 3 - 85. Let c = -16 - i. Calculate the remainder when c is divided by 34.
32
Let x(y) = 583*y - 2143. What is the remainder when x(6) is divided by 18?
5
Suppose 61*h = 57673 + 8329. Calculate the remainder when h is divided by 3.
2
Let m be (-2)/(4/(-2))*84/28. Suppose 24*r - 21*r - m = 0. What is the remainder when 18 is divided by (-3 - (r + -1)) + 14?
7
What is the remainder when 1361 is divided by (222/(-555))/(1 - 576/575)?
211
Let a(z) = -49*z**2 + 14*z - 7. Let c(s) = -48*s**2 + 14*s - 8. Let r(d) = 4*a(d) - 5*c(d). Calculate the remainder when 79 is divided by r(1).
37
Suppose -2*k = -7*f + 979, -3*f + 36*k = 39*k - 408. What is the remainder when 2046 is divided by f?
100
Let n = 33086 + -33065. What is the remainder when 1038 is divided by n?
9
Let v(l) = 881*l - 5599. Calculate the remainder when v(7) is divided by 93.
10
Let t(k) = 8*k**2 + 88*k + 98. What is the remainder when 2284 is divided by t(-10)?
16
Let k(y) = -17*y + 887. What is the remainder when k(37) is divided by 30?
18
Let s(v) = 6*v**2 + 11*v + 51. Let c(g) = -5*g**2 - 10*g - 47. Let z(m) = -5*c(m) - 4*s(m). Let a = 40 + 3. What is the remainder when a is divided by z(-3)?
21
Suppose -119*r + 135*r = 0. Suppose 0 = 2*q + p - 10 - 12, r = 4*q - 4*p - 20. Calculate the remainder when q is divided by 5.
4
Let t(r) = -53*r + 4 + 20*r + 13*r**2 - r**3 + 21*r + 0*r**2. Let w be t(12). What is the remainder when 3 + w + 46 + -2 is divided by 13?
12
Suppose 70*v - 3731 = 29*v. Calculate the remainder when v is divided by 38.
15
Let f(u) = -3 + 17 + 219*u - 213*u. Calculate the remainder when 110 is divided by f(4).
34
Let w be (10/(-6))/((-12)/720). Suppose 0 = -4*d - d + w. Suppose -5*f + 2*i - 236 = -620, i = -5*f + 378. What is the remainder when f is divided by d?
16
Suppose -277*f + 280*f - 234 = 0. Let j = f - 53. What is the remainder when 96 is divided by j?
21
Suppose 0 = 42*q - 40*q - 4. Suppose 0 = r - 2, -5*z + q*r = -2*r - 4442. Suppose 72*a - z = 67*a. What is the remainder when a